m(h) = 3*h**3 - 12*h**2 + 3*h - 8. Determine m(4).
4
Let a(t) = -t + 3. Calculate a(10).
-7
Let t(a) = -30*a + 118. Give t(4).
-2
Let v(l) = -22*l**2 - 2. Determine v(1).
-24
Let m(z) = 4*z - 5. Give m(3).
7
Let o(x) = -x**2 - 11*x - 15. Give o(-9).
3
Let g(y) = 2*y**3 - y**2 - 2*y + 1. Give g(-1).
0
Let m(w) = w**2 + 15*w + 55. What is m(-13)?
29
Let m(a) = a**2 + 9*a + 2. Give m(-7).
-12
Let j(p) = 5*p**3 - 2*p + 3. Calculate j(2).
39
Let z(v) = -4*v - 33. Calculate z(-7).
-5
Let r(o) = o**3 + o**2 + o + 2. Give r(-2).
-4
Let u(d) = -d**2 - 144*d - 426. Calculate u(-3).
-3
Let o(k) = 3*k - 27. Calculate o(12).
9
Let p(r) = -4*r**2 - 3*r + 3. What is p(-4)?
-49
Let j(t) = t**3 + 14*t**2 - 15*t - 1. Determine j(-15).
-1
Let q(b) = 6*b - 2. What is q(3)?
16
Let b(h) = -h**3 - 26*h**2 - 26*h - 33. Give b(-25).
-8
Let g(d) = -d**2 + 13*d + 14. Calculate g(13).
14
Let z(o) = o**2 - 3*o - 6. Give z(5).
4
Let u(n) = -n**3 - 18*n**2 - 2*n - 26. Calculate u(-18).
10
Let f(o) = o**3 - 6*o**2 - 5*o. Determine f(7).
14
Let d(j) = 3*j**2 + 6*j. Determine d(-3).
9
Let i(d) = d - 11. Calculate i(11).
0
Let z(m) = -m**2 + m + 6. What is z(7)?
-36
Let l(x) = -x**2 - 5*x. What is l(-4)?
4
Let t(z) = -17*z**3 + 2*z**2 + z - 1. What is t(1)?
-15
Let a(n) = -2*n + 7. Determine a(3).
1
Let j(l) = 25*l + 2. Give j(-1).
-23
Let x(k) = 2*k**2 - 5*k + 2. Give x(3).
5
Let k(y) = -22*y + 7. Calculate k(5).
-103
Let g(f) = f**3 - 4*f + 25. Calculate g(0).
25
Let s(t) = -t + 14. Determine s(17).
-3
Let p(v) = 18*v + 484. Give p(-28).
-20
Let k(n) = n**2 + 9*n + 4. What is k(-8)?
-4
Let p(h) = -2*h + 33. Calculate p(13).
7
Let g(q) = q**3 - q**2 - 12*q - 3. Calculate g(-4).
-35
Let h(n) = 11*n - 80. Determine h(13).
63
Let x(f) = -f**3 + 10*f**2 - 13*f + 29. Give x(9).
-7
Let z(u) = -u**3 - 24*u**2 - 24*u - 28. Calculate z(-23).
-5
Let i(l) = -10*l**2 + 4*l - 3. Determine i(2).
-35
Let y(o) = -6*o**2 + 10*o - 2. Determine y(1).
2
Let t(q) = -9*q**2 + 16*q - 15. Calculate t(1).
-8
Let z(o) = o**2 - 6*o + 9. Determine z(3).
0
Let r(j) = 3*j**2 + 2*j + 4. Give r(-3).
25
Let x(m) = m**2 + 6*m - 2. Determine x(-7).
5
Let u(m) = -m + 7. Calculate u(6).
1
Let w(g) = g**2 - 10*g - 24. Give w(8).
-40
Let v(i) = -2*i**3 - 4*i**2 + 8*i - 1. Determine v(-3).
-7
Let y(m) = -8*m - 56. What is y(-6)?
-8
Let o(n) = n**3 - 8*n**2 + 11*n + 4. Give o(6).
-2
Let q(v) = v**2 - 12*v - 3. Determine q(11).
-14
Let p(f) = f**2 - 4. What is p(-2)?
0
Let j(i) = -22*i**3 + 1. What is j(-1)?
23
Let a(g) = 2*g**2 - 2*g - 4. Calculate a(3).
8
Let x(k) = -13*k + 19. Calculate x(5).
-46
Let w(q) = 2*q**2 - 18*q + 40. Calculate w(6).
4
Let x(l) = l - 6. What is x(0)?
-6
Let y(m) = -m**2 + 7*m + 1. What is y(7)?
1
Let d(y) = -3*y + 18. Determine d(-7).
39
Let w(d) = 16*d - 39. Calculate w(0).
-39
Let x(a) = 14*a + 8. Give x(-1).
-6
Let p(d) = -d**2 + 5*d + 16. Calculate p(-5).
-34
Let v(s) = s**3 + 4*s**2 - 4*s - 1. Determine v(-5).
-6
Let n(d) = -2*d**2 - 12*d - 2. What is n(-8)?
-34
Let w(z) = 4*z + 31. What is w(14)?
87
Let q(o) = -7*o - 91. Calculate q(-13).
0
Let y(l) = 5*l**2 - 139*l - 41. Calculate y(28).
-13
Let j(w) = 24*w + 183. Give j(-7).
15
Let i(b) = 2*b + 9. Determine i(-5).
-1
Let v(x) = 2*x**3 - 2*x**2 + 4*x - 3. Give v(3).
45
Let r(c) = 5*c + 27. Calculate r(-6).
-3
Let b(m) = 2*m - 13. Give b(5).
-3
Let r(q) = 3*q**2 - 33*q - 28. Give r(11).
-28
Let a(d) = d**2 + 6*d + 5. Determine a(-4).
-3
Let y(a) = a + 14. Give y(10).
24
Let v(y) = y**3 + 10*y**2 - 11*y + 14. Calculate v(-11).
14
Let h(g) = 27*g - 415. Give h(15).
-10
Let p(t) = -t**3 - 4*t**2 + t - 1. Determine p(0).
-1
Let w(c) = 8*c**3. Give w(1).
8
Let v(s) = s**3 + 5*s**2 - 2*s - 4. Give v(-4).
20
Let b(s) = 2*s - 32. Determine b(-11).
-54
Let s(o) = 29*o**3 - 3*o - 2. Give s(-1).
-28
Let w(k) = k**2 - k - 22. Calculate w(6).
8
Let y(g) = 54*g + 429. Determine y(-8).
-3
Let f(p) = 14*p + 5. Give f(-4).
-51
Let f(n) = -n**2 + 8*n + 22. Determine f(10).
2
Let i(r) = 23*r - 140. Calculate i(7).
21
Let a(p) = -2*p**2 - 17*p + 5. What is a(-8)?
13
Let j(f) = 6*f + 76. What is j(-13)?
-2
Let v(y) = -y - 1. Determine v(-8).
7
Let d(x) = x**2 + 11*x + 15. Give d(-11).
15
Let x(o) = -2*o - 3. Calculate x(3).
-9
Let n(f) = f**3 - 8*f**2 - 48*f + 24. Give n(12).
24
Let v(h) = 38*h - 459. Calculate v(12).
-3
Let a(l) = -2*l**2 + 13*l - 26. What is a(8)?
-50
Let b(g) = g**3 - 3*g**2 - 11*g - 11. Calculate b(-2).
-9
Let c(d) = -8*d**2 - 2. Give c(-1).
-10
Let h(w) = w + 2. Give h(-4).
-2
Let w(n) = 3*n - 60. What is w(22)?
6
Let z(x) = 2*x**3 - 9*x**2 + 3*x - 30. Determine z(5).
10
Let i(z) = z**2 + 4*z. Determine i(-4).
0
Let g(z) = z**2 + 17*z + 54. Give g(-6).
-12
Let o(j) = 5*j**2 + j + 1. Calculate o(2).
23
Let d(v) = v**3 - 16*v**2 + 14*v + 13. What is d(15)?
-2
Let l(s) = -4*s - 19. Calculate l(-6).
5
Let s(a) = 2*a**2 - 34*a + 23. Calculate s(16).
-9
Let m(z) = -8*z + 8. Give m(-5).
48
Let l(v) = -v**3 - v**2 + 13*v - 9. Give l(4).
-37
Let r(y) = -y**3 - 5*y**2 + 3*y - 1. Give r(-4).
-29
Let k(d) = -d**3 + 5*d**2 + 6*d + 6. What is k(6)?
6
Let c(z) = -z**2 + 5. Give c(4).
-11
Let k(z) = -z**3 + 7*z**2 + 9*z - 2. Give k(8).
6
Let y(l) = l**3 - 11*l**2 + 12. Give y(11).
12
Let k(v) = -v**3 + 4*v**2 + 2*v - 2. Give k(5).
-17
Let t(j) = -6*j - 79. Determine t(-13).
-1
Let y(s) = s**2 + s - 7. Determine y(2).
-1
Let i(m) = m - 5. Give i(-12).
-17
Let o(d) = d**3 - 4*d**2 - 6*d + 6. What is o(6)?
42
Let f(b) = b**3 - 9*b**2 + 11*b - 7. What is f(8)?
17
Let j(i) = -i - 16. Determine j(-18).
2
Let r(a) = -a**2 - 15*a. Give r(-9).
54
Let s(k) = -k - 12. Calculate s(-5).
-7
Let p(z) = -3*z + 30. Calculate p(11).
-3
Let x(i) = i**3 + 7*i**2 + 10*i + 2. Give x(-5).
2
Let i(h) = 26*h + 901. Calculate i(-35).
-9
Let w(g) = -g**3 + 4*g**2 + 11*g - 9. Give w(6).
-15
Let j(l) = -22*l**3 - l**2 + l + 2. Calculate j(-1).
22
Let a(i) = i**3 - 9*i**2 - 4*i - 2. Determine a(9).
-38
Let t(s) = -7*s - 7. Calculate t(-7).
42
Let u(w) = -w**2 + 20*w - 19. What is u(14)?
65
Let k(j) = j**3 + 9*j**2 - 12*j + 21. What is k(-10)?
41
Let l(b) = -b**3 + b**2 - 5. What is l(0)?
-5
Let a(i) = -8*i + 41. Determine a(11).
-47
Let u(w) = -w**2 + 15*w - 30. Give u(13).
-4
Let z(i) = i - 10. Calculate z(6).
-4
Let t(w) = -w**3 - 15*w**2 + w + 20. What is t(-15)?
5
Let j(a) = 4*a**3 - 61*a**2 + 16*a - 10. What is j(15)?
5
Let w(x) = -x**2 - 4*x + 19. Determine w(4).
-13
Let f(l) = -3*l - 15. Determine f(-7).
6
Let t(s) = -33*s + 505. Calculate t(15).
10
Let k(m) = -5*m + 38. What is k(6)?
8
Let x(b) = 45*b - 173. Calculate x(4).
7
Let u(b) = -b + 15. What is u(9)?
6
Let y(f) = f**3 + 6*f**2 + 7*f + 1. Calculate y(-3).
7
Let m(y) = 8*y + 14. Determine m(9).
86
Let x(j) = j**3 - 6*j**2 + 2*j - 9. Give x(6).
3
Let j(c) = 11*c**2 + 2*c + 1. Give j(2).
49
Let d(b) = 2*b**2 + 16*b - 12. What is d(-9)?
6
Let g(a) = -a**2 + 19*a + 82. What is g(-4)?
-10
Let g(b) = b**3 + 12*b**2 + 10*b - 12. Calculate g(-11).
-1
Let q(k) = k**2 - k - 6. Give q(3).
0
Let d(o) = 7*o**3 + 3*o**2 - 4*o - 1. Calculate d(3).
203
Let c(f) = f + 31. What is c(-14)?
17
Let c(l) = 20*l + 4. Calculate c(1).
24
Let d(u) = u**2 - 17*u + 68. Determine d(6).
2
Let p(c) = -7*c - 104. What is p(-14)?
-6
Let x(d) = d + 12. What is x(4)?
16
Let m(v) = 3*v - 19. Determine m(9).
8
Let w(p) = -3*p - 27. Give w(-9).
0
Let l(x) = 2*x + 22. Calculate l(-7).
8
Let l(d) = d**3 - 7*d**2 + 9*d + 3. Calculate l(4).
-9
Let h(k) = 7*k - 11. Give h(-7).
-60
Let s(o) = -2*o**2 + 11*o. Determine s(5).
5
Let g(m) = -m - 39. Calculate g(-19).
-20
Let q(u) = -16*u + 25. Calculate q(2).
-7
Let u(o) = o**3 + 8*o**2 - 6*o + 13. Calculate u(-9).
-14
Let f(d) = d**2 + 12*d + 17. Determine f(-10).
-3
Let p(z) = -2*z**2 - 49*z + 10. What is p(-25)?
-15
Let p(b) = 2*b**2 - 20*b + 15. What is p(10)?
15
Let n(l) = -l**2 - l + 5. Determine n(-4).
-7
Let i(s) = s**2 + 16*s - 114. What is i(-21)?
-9
Let v(p) = 2*p**3 + 16*p**2 - 14. Determine v(-8).
-14
Let r(a) = 3*a**3 + a**2 - 2*a + 6. Determine r(-2).
-10
Let g(u) = 11*u + 54. Determine g(-5).
-1
Let s(r) = 169*r - 3554. Give s(21).
-5
Let h(x) = 4*x + 8. What is h(-3)?
-4
Let y(k) = k - 3. Calculate y(8).
5
Let b(m) = -m**3 + 6*m**2 - 5*m. What is b(5)?
0
Let r(n) = n**3 + n**2 - 33*n + 13